11
In base 14, what is d2ca + 3646?
12932
In base 13, what is -88a + 1194?
607
In base 6, what is 11022150 - -525?
11023115
In base 14, what is -9c3628 - -5?
-9c3623
In base 7, what is 40506 - 112020?
-41211
In base 15, what is -1123 + 21130?
2000c
In base 2, what is -11 - 1110001101001101101110110?
-1110001101001101101111001
In base 11, what is 40603a9 + -3?
40603a6
In base 3, what is -1002120 + 20011000?
12001110
In base 15, what is -5675 + -e234?
-148a9
In base 3, what is -112121202210 - -202210?
-112121000000
In base 3, what is 12 + -200121002100222?
-200121002100210
In base 7, what is -2231022 - 551?
-2231603
In base 10, what is -7292 - 2725?
-10017
In base 10, what is -25 + -16892334?
-16892359
In base 14, what is 27d32 + -656?
276ba
In base 15, what is 629a7 - 3?
629a4
In base 7, what is 6 - -323521156?
323521165
In base 10, what is 60038 - -631?
60669
In base 10, what is 867265 + 12?
867277
In base 3, what is 11211 + -122111010120012?
-122111010101101
In base 7, what is -166 + 1210634?
1210435
In base 5, what is 223423 - 2001?
221422
In base 7, what is -33536 + 451632?
415063
In base 11, what is -1288112 + 3?
-128810a
In base 15, what is a374 - -e1?
a465
In base 15, what is -1 - 443375?
-443376
In base 2, what is -11111111100011000110011011 + -10?
-11111111100011000110011101
In base 3, what is 11010001221 - -210?
11010002201
In base 10, what is -101916305 + 2?
-101916303
In base 16, what is -14e8949 + -3?
-14e894c
In base 6, what is 1425 - -15201420?
15203245
In base 10, what is -15398175 + 0?
-15398175
In base 2, what is 100 - 11110001001110011111010?
-11110001001110011110110
In base 5, what is -2121202240 - 0?
-2121202240
In base 3, what is 21120020210000 - 22?
21120020202201
In base 6, what is 5334513 - 10?
5334503
In base 14, what is -3 - -2283812?
228380d
In base 9, what is 3 + 76035053?
76035056
In base 7, what is -465 + -4023113?
-4023611
In base 12, what is -2101277 - -31?
-2101246
In base 13, what is c13236 - 32?
c13204
In base 7, what is 4314235253 + -2?
4314235251
In base 11, what is -1a20 + 5699?
3779
In base 11, what is 14 - -7417727?
7417740
In base 8, what is 57430 - -23744?
103374
In base 6, what is -24232 + 312004?
243332
In base 11, what is 4 + -10893135?
-10893131
In base 14, what is -a2a + 21868?
20c3c
In base 13, what is a73ba0 - -7?
a73ba7
In base 9, what is -663564 + 1?
-663563
In base 16, what is -7f1a3 + -58?
-7f1fb
In base 11, what is 5530212 + 3?
5530215
In base 2, what is 10111000001111 - -10100110011?
11001101000010
In base 10, what is 2 + -485367?
-485365
In base 2, what is 10111000 + 1000110010110100?
1000110101101100
In base 16, what is 1b8 - -978ac?
97a64
In base 14, what is -145b3b7 - 0?
-145b3b7
In base 14, what is 2c1 - 3a62?
-3781
In base 16, what is -5bb353d + 2?
-5bb353b
In base 11, what is 0 + 86392a45?
86392a45
In base 10, what is 18899533 - -41?
18899574
In base 12, what is -648168b + -4?
-6481693
In base 4, what is 10 + -1332200301102?
-1332200301032
In base 3, what is -1100111222010 + -102?
-1100111222112
In base 12, what is -a67 - 6bba?
-7a65
In base 12, what is 1224a + -144?
12106
In base 8, what is 0 + 31401337?
31401337
In base 14, what is ad + -96177?
-960a8
In base 15, what is e7a2 - -91?
e843
In base 3, what is 20112010 + 1201121101?
1222010111
In base 4, what is -31313002 - 311?
-31313313
In base 16, what is 15 - 326bad?
-326b98
In base 7, what is 235 - 66462523?
-66462255
In base 15, what is ce4ed + 11?
ce50e
In base 13, what is -25a - -ac4?
867
In base 14, what is -3da7 - 16cb?
-5694
In base 7, what is 154312 + 121?
154433
In base 3, what is -102201 - 110221002001?
-110221111202
In base 15, what is dd3c - 671?
d6bb
In base 8, what is 2567 - -1034773?
1037562
In base 14, what is 2ca1d - 9?
2ca14
In base 4, what is -1220 - 11303230?
-11311110
In base 10, what is -716 + 277698?
276982
In base 14, what is 12 + 1491792?
14917a4
In base 16, what is 205dd - -3?
205e0
In base 3, what is -12 + 222102201211111?
222102201211022
In base 4, what is 0 - -1100033103220?
1100033103220
In base 5, what is -133412110 - -101?
-133412004
In base 5, what is -1330 + -3143443?
-3200323
In base 6, what is -11345211054 - 3?
-11345211101
In base 7, what is -5 - 6064303?
-6064311
In base 13, what is 86947327 + 0?
86947327
In base 4, what is -1 + 12331132031?
12331132030
In base 8, what is 417042 - -75?
417137
In base 5, what is -212 + -231303132?
-231303344
In base 6, what is -1123314320 - -4?
-1123314312
In base 10, what is -99212 + 16?
-99196
In base 3, what is -201 - -12220001120102?
12220001112201
In base 15, what is bb71 + -136?
ba3a
In base 6, what is -2523 + 134153?
131230
In base 13, what is 2 + -58ba632c?
-58ba632a
In base 2, what is 10000010111111010101010 - 1010?
10000010111111010100000
In base 13, what is -12ab46 - 1c0?
-12b036
In base 11, what is 1 + 62829861?
62829862
In base 10, what is 425130 - 32?
425098
In base 10, what is -5 - -3236306?
3236301
In base 5, what is -33021140 + -1140?
-33022330
In base 8, what is -2 + 2072117612?
2072117610
In base 9, what is 2321256 - -15?
2321272
In base 10, what is -394710 + 32?
-394678
In base 15, what is 15e46 - -35d?
162a4
In base 3, what is -1 - 2011210000020102?
-2011210000020110
In base 7, what is 203 + -140564313?
-140564110
In base 9, what is 401 + -7407?
-7006
In base 13, what is 4 - -2cb848?
2cb84c
In base 2, what is 10111 + 110111011101011100?
110111011101110011
In base 12, what is -372 + -5297?
-5649
In base 2, what is 101000000010011001101 - -11?
101000000010011010000
In base 4, what is -20201300 + 10031?
-20131203
In base 11, what is -1 - -33083749?
33083748
In base 12, what is -438286 + a?
-438278
In base 9, what is 708457 + 4?
708462
In base 10, what is 12738 - 141?
12597
In base 2, what is 11110011010001 + -1010010100001?
10100000110000
In base 10, what is -2 + 173632347?
173632345
In base 7, what is 22511 - -431062?
453603
In base 5, what is 100303402 - 104?
100303243
In base 6, what is -42 - 113141454?
-113141540
In base 15, what is -6ae5a7c - -3?
-6ae5a79
In base 9, what is -55503041 + -2?
-55503043
In base 11, what is -2998 + -5991?
-8879
In base 5, what is -343214 + -1041?
-344310
In base 14, what is -86cdd6 - -16?
-86cdc0
In base 11, what is -38 - -17a243?
17a206
In base 9, what is -5 + 1218564?
1218558
In base 13, what is 3 + -559a680?
-559a67a
In base 3, what is -20 + -1000120121221221?
-1000120121222011
In base 13, what is 281686c4 - 5?
281686bc
In base 4, what is 132233120330 - 1?
132233120323
In base 16, what is 31 - -c47a86?
c47ab7
In base 14, what is 40c492 + 5?
40c497
In base 7, what is -1053 + -41450?
-42533
In base 12, what is -225 - 966b?
-9894
In base 8, what is 3015645776 - 2?
3015645774
In base 2, what is 11001101011110001110101 - 101?
11001101011110001110000
In base 2, what is 10000010110001100 - 11001100101000?
1101001001100100
In base 8, what is -14 + 11732150?
11732134
In base 5, what is 2113 - -2301140?
2303303
In base 7, what is 4452 + -2226401?
-2221616
In base 9, what is -38854227 - -12?
-38854215
In base 6, what is -213431 - -15410?
-154021
In base 16, what is 2140c - -3?
2140f
In base 10, what is -24481876 + -9?
-24481885
In base 6, what is 11450424 + 1410?
11452234
In base 8, what is -20216535 - 0?
-20216535
In base 13, what is 1c1 + 302791?
302982
In base 14, what is -646745 - -13?
-646732
In base 11, what is a + 2a279a?
2a27a9
In base 7, what is 623561 - 105?
623453
In base 9, what is -18444780 + 5?
-18444774
In base 10, what is 666 + 755700?
756366
In base 4, what is -23 - -1202013320?
1202013231
In base 16, what is -5 - -aeadd?
aead8
In base 10, what is -10122500 + -84?
-10122584
In base 13, what is 4 + 3b8336a?
3b83371
In base 7, what is -44 - 51625?
-52002
In base 7, what is 0 - -104050143?
104050143
In base 7, what is 3 + 1130512?
1130515
In base 14, what is -29105 - -124?
-28dc1
In base 3, what is -1 - -1021120201022211?
1021120201022210
In base 12, what is -144b0 - 3477?
-17967
In base 5, what is 3432102 - 11301?
3420301
In base 8, what is 3132024 - -121?
3132145
In base 10, what is 3157075 + -323?
3156752
In base 11, what is 32564 + 44?
325a8
In base 10, what is -1491 + -130?
-1621
In base 10, what is 2435 - 23449?
-21014
In base 7, what is -210 - -545134?
544624
In base 4, what is 0 + 2000312310